3 + 928*f**2 + 42314*f + 3543. Calculate j(-48).
-9
Let y(x) = -59*x**2 + 36141*x + 88550. What is y(615)?
-10
Let h(v) = 1569841*v + 15698417. Calculate h(-10).
7
Let v(c) = -c**3 + 8*c**2 - 43*c - 13. Calculate v(8).
-357
Let k(q) = -2*q**3 + 159*q**2 - 514*q - 1372. Calculate k(76).
-4
Let w(k) = 2*k**2 - 10937*k + 872779. Calculate w(81).
4
Let y(b) = 2*b**2 - 15544*b - 280439. Calculate y(-18).
1
Let c(i) = i**2 + 40792*i + 1141369. Calculate c(-28).
-23
Let s(p) = -1509111*p - 1509143. Calculate s(-1).
-32
Let w(q) = 4*q**2 + 1463*q + 1092. Determine w(-365).
-3
Let c(y) = 7*y**3 + 279*y**2 + 154*y + 7746. What is c(-40)?
-14
Let u(v) = -39916*v + 239487. What is u(6)?
-9
Let d(g) = -3*g**2 - 1710*g - 3419. Give d(-2).
-11
Let b(h) = 400*h**3 - 91*h - 195. Give b(-2).
-3213
Let m(w) = -1211*w - 7718. Give m(-6).
-452
Let w(c) = c**3 - 417*c**2 + 104*c - 43252. Determine w(417).
116
Let m(t) = 2*t**2 - 6983*t - 941591. Calculate m(-130).
-1
Let x(b) = -b**3 - 23*b**2 + 151*b + 2762. Calculate x(-24).
-286
Let o(p) = 2*p**3 + 26*p**2 - 90*p - 39. Calculate o(-16).
-135
Let p(x) = 3*x**2 + 1062*x + 78868. Determine p(-106).
4
Let m(o) = 7*o**2 - 835*o + 9063. Calculate m(12).
51
Let u(f) = -f**3 + 102*f**2 - 154*f - 4569. Calculate u(100).
31
Let o(c) = -7*c**2 - 5776*c + 185787. What is o(31)?
4
Let f(r) = r**3 - 68*r**2 - 345*r + 4104. Give f(72).
0
Let p(q) = 2*q**3 - 27*q**2 + 20*q - 290. What is p(14)?
186
Let c(s) = 79777*s - 2393298. Give c(30).
12
Let v(h) = 2*h**3 - 19*h**2 - 97*h + 627. What is v(11)?
-77
Let s(d) = 3*d**3 - 51*d**2 + 710*d - 11764. Determine s(17).
306
Let h(p) = 14394*p**2 - 158339*p + 100. What is h(11)?
45
Let x(q) = 5*q**2 + 166*q - 1122. Give x(-39).
9
Let m(d) = 409*d**2 - 6962*d - 58. What is m(17)?
-211
Let z(y) = y**3 - 3973*y**2 + 192276*y - 5. Give z(49).
-5
Let v(r) = 3*r**2 + 6127*r + 252047. What is v(-42)?
5
Let t(w) = -w**3 + 24*w**2 - 11*w + 75. Calculate t(27).
-2409
Let l(s) = -s**3 + 8*s**2 + 678*s - 2077. Give l(3).
2
Let v(b) = 2*b**2 + 126453*b - 15710916. Calculate v(124).
8
Let h(t) = -114066*t + 2965649. What is h(26)?
-67
Let b(c) = 7469*c - 20982. Calculate b(3).
1425
Let z(w) = 1030*w - 17892. Give z(25).
7858
Let i(k) = -443*k**2 - 155*k + 19. Calculate i(-3).
-3503
Let l(h) = -3323*h - 13092. Determine l(-4).
200
Let l(d) = 833*d - 19574. Give l(23).
-415
Let g(y) = -22*y**2 + 58*y - 132. What is g(2)?
-104
Let y(t) = 18*t**3 + 1735*t**2 + 667*t - 480. Calculate y(-96).
0
Let p(j) = -222143*j + 444329. Determine p(2).
43
Let t(k) = -9555*k + 773794. Calculate t(81).
-161
Let v(p) = -28*p**2 + 12155*p - 381993. Give v(400).
7
Let c(l) = -48*l**2 - 14136*l + 14136. What is c(1)?
-48
Let f(g) = -5335*g**2 + 21336*g + 33. Calculate f(4).
17
Let l(v) = -812*v - 14705. Give l(-15).
-2525
Let x(l) = -l**2 - 12*l + 270410. Determine x(514).
46
Let u(y) = -11*y**2 - 67*y - 890. What is u(-12)?
-1670
Let i(m) = m**3 - 2*m**2 + 14883*m - 8. Calculate i(0).
-8
Let t(s) = 137*s**2 - 1350*s - 549. What is t(10)?
-349
Let z(w) = 17229*w - 14575726. Determine z(846).
8
Let f(d) = 22003*d - 528072. Give f(24).
0
Let t(l) = -324877*l - 1299518. What is t(-4)?
-10
Let d(h) = -2*h**3 - 9*h**2 - 87*h - 506. What is d(-5)?
-46
Let g(l) = 4*l**3 - 45*l**2 - 211*l + 2447. Determine g(11).
5
Let g(u) = -u**2 - 179*u + 882. Give g(0).
882
Let w(g) = 2*g**2 + 111*g - 2438. Calculate w(16).
-150
Let r(x) = -23*x**2 - 319*x + 21. Calculate r(-15).
-369
Let w(t) = 17*t**2 - 103*t + 1164. Determine w(10).
1834
Let f(p) = -4112*p - 107553. Calculate f(-26).
-641
Let q(b) = -b**2 - 1245*b - 382944. Calculate q(-555).
6
Let j(k) = -115*k**2 - 61767*k - 6449. Calculate j(-537).
-5
Let l(i) = 10*i**3 - 216*i**2 - 75*i - 157. Determine l(22).
129
Let n(h) = -h**3 + 10*h**2 + 1474*h - 18652. Give n(13).
3
Let z(r) = 6*r**2 + 1568*r - 8016. Give z(5).
-26
Let c(a) = 572*a + 34536. What is c(-61)?
-356
Let t(h) = h**3 + 313*h**2 + 8739*h - 101. Give t(-31).
-8
Let x(p) = -2257*p + 33871. What is x(15)?
16
Let q(o) = o**3 + 9*o**2 + 16*o + 278. Calculate q(-10).
18
Let v(t) = -4*t**2 + 374*t - 6069. Give v(21).
21
Let q(i) = -i**2 - 1251*i - 389612. Determine q(-585).
-2
Let c(w) = 1200*w**2 - 74404*w + 252. Determine c(62).
4
Let f(c) = 44*c**3 + 107*c**2 - 173*c + 69. Give f(1).
47
Let o(v) = 412*v - 128641. Give o(312).
-97
Let j(q) = -63*q**3 - 9897*q**2 - 951*q - 1418. Give j(-157).
-5
Let o(s) = -395*s + 5473. Give o(12).
733
Let j(v) = -186*v**2 + 1440*v - 967. What is j(7)?
-1
Let w(o) = 123*o**2 - 515*o + 93. Give w(4).
1
Let c(b) = -144*b**2 + 540*b + 136762. Give c(-29).
-2
Let s(k) = k**3 + 16*k**2 + 43*k - 27. Determine s(-11).
105
Let w(q) = 1750*q + 1794. Give w(-1).
44
Let x(z) = 317681*z + 6671287. Determine x(-21).
-14
Let z(t) = -4*t**3 - 34*t**2 - 989*t - 5565. Determine z(-6).
9
Let j(h) = -730*h**2 + 4252*h + 21. What is j(6)?
-747
Let k(q) = -3*q**3 + 116*q**2 - 912*q + 31744. Give k(38).
-24
Let p(z) = -4*z**3 + 143*z**2 - 147*z - 375. Determine p(34).
2719
Let v(s) = -170*s**3 - 190*s**2 - 4*s - 1. Determine v(-1).
-17
Let b(l) = 223*l - 5251. Calculate b(22).
-345
Let o(t) = 1682*t + 20936. Determine o(-13).
-930
Let d(h) = 2*h**3 - 48*h**2 + 109*h - 1421. Calculate d(23).
28
Let o(q) = -51*q**2 - 181*q + 701. Determine o(4).
-839
Let v(s) = -107*s**2 - 612*s + 485. Calculate v(-7).
-474
Let k(u) = -4*u**3 + 8*u**2 - 533*u - 1123. Determine k(-2).
7
Let h(j) = j**3 + 18*j**2 - 4*j + 590. Determine h(-19).
305
Let i(j) = j**3 + 155*j**2 - 312*j - 565. Calculate i(-157).
-879
Let a(r) = -3222*r - 1440234. What is a(-447)?
0
Let o(z) = 2*z**3 + 15*z**2 + 19160*z + 134051. Give o(-7).
-20
Let q(c) = 8*c**2 - 753*c - 30. What is q(0)?
-30
Let g(w) = -1521*w + 168707. Determine g(111).
-124
Let l(z) = z**3 + 119*z**2 - 9*z - 563. What is l(-119)?
508
Let w(z) = 3*z**2 - 463858*z - 1855436. Determine w(-4).
44
Let m(p) = -308*p**2 + 81929*p - 185. Give m(266).
81
Let j(a) = -396*a + 89109. Calculate j(218).
2781
Let u(y) = 46*y**2 - 6939*y - 8071. Determine u(152).
-15
Let a(l) = 21*l**2 - 267*l + 751. Give a(7).
-89
Let m(s) = -8*s**2 - 1522*s - 12027. What is m(-182)?
-15
Let a(v) = -1483*v + 10362. Calculate a(7).
-19
Let d(h) = 28*h**2 - 2374*h - 200. Give d(85).
310
Let f(g) = -15027*g + 1983568. Give f(132).
4
Let f(m) = m**3 + 46*m**2 + 55*m + 195. What is f(-46)?
-2335
Let n(z) = z**3 - 87*z**2 - 84*z - 171. Determine n(88).
181
Let t(r) = -r**3 - 12*r**2 - 44*r - 42. Determine t(-5).
3
Let x(d) = -7*d**2 + 1228*d - 14785. Determine x(13).
-4
Let c(n) = -3251*n + 184561. What is c(57)?
-746
Let x(y) = y**3 + 11*y**2 - 2799*y - 22591. What is x(-8)?
-7
Let q(a) = -11*a**3 - 144*a**2 + 208*a + 2875. Determine q(-13).
2
Let w(b) = -733*b**2 - 21970*b + 587. Calculate w(-30).
-13
Let z(h) = -2*h**2 + 424*h - 2855. What is z(7)?
15
Let g(v) = -108*v + 13075. What is g(100)?
2275
Let l(i) = 339*i - 4246. Calculate l(12).
-178
Let l(c) = -2613*c - 253412. Determine l(-97).
49
Let m(u) = -371*u**2 - 48*u. Give m(-1).
-323
Let d(w) = 3*w**3 + 198*w**2 + 393*w + 49. What is d(-64)?
-527
Let j(w) = -2*w**2 + 1662*w + 13388. Give j(-8).
-36
Let x(m) = 1073*m + 48272. Calculate x(-45).
-13
Let x(b) = b**3 + 7*b**2 + 7221*b + 57830. Calculate x(-8).
-2
Let y(d) = 21164*d + 3661341. Give y(-173).
-31
Let g(k) = -2919*k - 55614. Calculate g(-19).
-153
Let i(o) = -19736*o + 138162. Give i(7).
10
Let d(k) = 2*k**2 - 401*k + 13396. What is d(43)?
-149
Let h(i) = -3*i**2 + 99*i - 641. What is h(24)?
7
Let n(c) = -8*c**2 - 227*c - 1063. Give n(-23).
-74
Let f(s) = 2*s**3 + 175*s**2 + 513*s + 37029. What is f(-87)?
-33
Let j(o) = -2*o**2 + 145*o - 679. What is j(67)?
58
Let l(n) = 3*n**2 - 950*n - 515308. Give l(602).
4
Let n(z) = -2*z**3 + 17*z**2 - 88*z + 573. Calculate n(6).
225
Let p(y) = -225*y - 351. What is p(5)?
-1476
Let m(i) = 39887*i + 2153957. What is m(-54)?
59
Let d(t) = 52076*t - 781159. Calculate d(15).
-19
Let t(w) = -5*w**3 - 236*w**2 - 60*w + 31. Determine t(-47).
642
Let r(b) = b**3 + 98*b**2 + 816*b + 642. Give r(-89).
-693
Let f(z) = -z**2 + 32375*z - 194205. Give f(6).
9
Let v(f) = -407900*f + 815802. Determine v(2).
2
Let r(l) = -167*l**3 + 1184*l**2 - 130*l - 1. Calculate r(7).
-176
Let c